 91?
81
Calculate the remainder when 746807083 is divided by 45.
43
Calculate the remainder when 117436 is divided by 8385.
46
What is the remainder when 18493034 is divided by 919?
916
Calculate the remainder when 459471 is divided by 4001.
3357
What is the remainder when 343517 is divided by 114158?
1043
What is the remainder when 374426 is divided by 433?
314
Calculate the remainder when 762462 is divided by 28239.
9
Calculate the remainder when 10405443 is divided by 60147.
12
What is the remainder when 14879339 is divided by 98?
97
What is the remainder when 128317 is divided by 108?
13
Calculate the remainder when 2440152 is divided by 7821.
0
What is the remainder when 1814 is divided by 1042?
772
Calculate the remainder when 16045 is divided by 7403.
1239
What is the remainder when 12555696 is divided by 2060?
2056
Calculate the remainder when 313992896 is divided by 7423.
7419
What is the remainder when 59471 is divided by 345?
131
What is the remainder when 880852572 is divided by 4846?
4844
Calculate the remainder when 590809 is divided by 147699.
13
What is the remainder when 2840 is divided by 31?
19
Calculate the remainder when 1823066 is divided by 607461.
683
What is the remainder when 52971809 is divided by 153?
149
Calculate the remainder when 15299185 is divided by 2334.
2149
What is the remainder when 279619 is divided by 142?
21
What is the remainder when 8670 is divided by 6300?
2370
Calculate the remainder when 11925362 is divided by 11.
9
Calculate the remainder when 2549203 is divided by 849731.
10
Calculate the remainder when 178663 is divided by 2082.
1693
Calculate the remainder when 1091322 is divided by 4266.
3492
What is the remainder when 257636 is divided by 1534?
1458
Calculate the remainder when 47239638 is divided by 15.
3
Calculate the remainder when 766033 is divided by 1226.
1009
Calculate the remainder when 26625 is divided by 13268.
89
What is the remainder when 80077 is divided by 626?
575
What is the remainder when 223895 is divided by 12285?
2765
What is the remainder when 6582 is divided by 69?
27
What is the remainder when 26572013 is divided by 882?
881
What is the remainder when 18248 is divided by 1939?
797
Calculate the remainder when 2593368 is divided by 19.
1
What is the remainder when 7372788 is divided by 959?
955
Calculate the remainder when 4318724 is divided by 1941.
1940
Calculate the remainder when 1045533 is divided by 7311.
60
Calculate the remainder when 48891 is divided by 91.
24
Calculate the remainder when 226851 is divided by 752.
499
Calculate the remainder when 2370 is divided by 259.
39
Calculate the remainder when 193046 is divided by 96496.
54
Calculate the remainder when 542192 is divided by 100.
92
What is the remainder when 32106 is divided by 10225?
1431
Calculate the remainder when 3241981 is divided by 5852.
5825
What is the remainder when 626255933 is divided by 8035?
8033
Calculate the remainder when 3908525 is divided by 33123.
11
Calculate the remainder when 515890 is divided by 42978.
154
Calculate the remainder when 1136921 is divided by 1007.
18
What is the remainder when 6927861 is divided by 3463858?
145
Calculate the remainder when 486537 is divided by 684.
213
What is the remainder when 520 is divided by 269?
251
What is the remainder when 379669 is divided by 232?
117
What is the remainder when 146254704 is divided by 259?
253
What is the remainder when 1300721 is divided by 703?
171
Calculate the remainder when 15180395 is divided by 5059970.
485
Calculate the remainder when 442561 is divided by 36369.
6133
Calculate the remainder when 409029 is divided by 407790.
1239
What is the remainder when 777584 is divided by 388768?
48
Calculate the remainder when 1223399 is divided by 120.
119
What is the remainder when 376850 is divided by 1835?
675
What is the remainder when 1037315 is divided by 172879?
41
Calculate the remainder when 217500 is divided by 468.
348
Calculate the remainder when 328831 is divided by 46961.
104
What is the remainder when 415222574 is divided by 301?
298
Calculate the remainder when 120848 is divided by 998.
90
Calculate the remainder when 371262 is divided by 37113.
132
Calculate the remainder when 189566 is divided by 65.
26
What is the remainder when 2193588 is divided by 1079?
1060
What is the remainder when 881765533 is divided by 105?
103
What is the remainder when 302100 is divided by 349?
215
What is the remainder when 1771777 is divided by 933?
10
What is the remainder when 26701314 is divided by 1163?
1160
What is the remainder when 23721 is divided by 494?
9
Calculate the remainder when 11194873 is divided by 34.
33
Calculate the remainder when 233088 is divided by 286.
284
What is the remainder when 3379907 is divided by 3118?
3113
What is the remainder when 1532225 is divided by 142?
45
What is the remainder when 5288 is divided by 4635?
653
Calculate the remainder when 269990 is divided by 29998.
8
What is the remainder when 16269466 is divided by 149261?
17
What is the remainder when 26674544 is divided by 3334317?
8
What is the remainder when 23506958 is divided by 4074?
4052
Calculate the remainder when 9275139 is divided by 843194.
5
Calculate the remainder when 1361863 is divided by 6.
1
Calculate the remainder when 2479172 is divided by 3448.
60
What is the remainder when 163916754 is divided by 73?
72
What is the remainder when 565500197 is divided by 12?
5
What is the remainder when 50729253 is divided by 7865?
3
What is the remainder when 71426 is divided by 17432?
1698
What is the remainder when 1170659 is divided by 69?
5
What is the remainder when 12083067 is divided by 44?
7
What is the remainder when 15457 is divided by 15006?
451
What is the remainder when 6523836 is divided by 1406?
1402
What is the remainder when 77536840 is divided by 307?
306
What is the remainder when 326194 is divided by 322?
8
Calculate the remainder when 98170232 is divided by 68.
60
Calculate the remainder when 217451 is divided by 4349.
1
What is the remainder when 61173408 is divided by 8739054?
30
Calculate the remainder when 70178 is divided by 22691.
2105
What is the remainder when 2237093 is divided by 117741?
14
Calculate the remainder when 71063 is divided by 8724.
1271
Calculate the remainder when 6401271 is divided by 646.
57
Calculate the remainder when 16191 is divided by 4018.
119
Calculate the remainder when 1577304 is divided by 394315.
44
What is the remainder when 41631378 is divided by 140?
138
What is the remainder when 589892 is divided by 117971?
37
What is the remainder when 86347 is divided by 28385?
1192
Calculate the remainder when 362519 is divided by 3046.
45
Calculate the remainder when 780087 is divided by 8210.
137
What is the remainder when 3472404 is divided by 165350?
54
Calculate the remainder when 150924558 is divided by 50308183.
9
What is the remainder when 1454853 is divided by 143?
114
Calculate the remainder when 2786036 is divided by 2056.
156
What is the remainder when 529389 is divided by 8625?
3264
Calculate the remainder when 11340556 is divided by 2835133.
24
What is the remainder when 122499 is divided by 3400?
99
Calculate the remainder when 102385774 is divided by 12.
10
Calculate the remainder when 388950 is divided by 64823.
12
What is the remainder when 3303076 is divided by 13?
10
What is the remainder when 16405503 is divided by 1184?
1183
Calculate the remainder when 1235049 is divided by 3057.
21
Calculate the remainder when 805669 is divided by 135.
124
What is the remainder when 713005 is divided by 1833?
1801
Calculate the remainder when 85266335 is divided by 276.
275
What is the remainder when 4044085 is divided by 808816?
5
What is the remainder when 10568212 is divided by 18?
16
Calculate the remainder when 715204 is divided by 22349.
36
Calculate the remainder when 22200163 is divided by 476.
475
What is the remainder when 2646561 is divided by 547?
175
Calculate the remainder when 4308666 is divided by 89.
87
Calculate the remainder when 148279737 is divided by 37069933.
5
Calculate the remainder when 7147872 is divided by 794203.
45
Calculate the remainder when 156311788 is divided by 208.
204
Calculate the remainder when 113719207 is divided by 110.
107
Ca